ghest common factor of 400 and 500?
100
What is the greatest common factor of 402 and 670?
134
What is the greatest common factor of 241 and 3?
1
What is the greatest common factor of 93 and 15?
3
What is the greatest common divisor of 9500 and 285?
95
Calculate the greatest common factor of 50 and 12325.
25
Calculate the highest common divisor of 32 and 13.
1
Calculate the highest common factor of 5 and 102.
1
What is the greatest common factor of 40175 and 50?
25
What is the greatest common divisor of 8410 and 58?
58
Calculate the highest common divisor of 189 and 28.
7
Calculate the highest common factor of 180 and 120.
60
Calculate the highest common factor of 30 and 10.
10
Calculate the highest common divisor of 1044 and 198.
18
Calculate the highest common factor of 152 and 16.
8
Calculate the highest common factor of 427 and 305.
61
What is the greatest common factor of 582 and 6?
6
Calculate the greatest common divisor of 53 and 6625.
53
Calculate the greatest common divisor of 4589 and 52.
13
Calculate the greatest common divisor of 11 and 29.
1
What is the highest common factor of 531 and 767?
59
Calculate the highest common divisor of 819 and 3003.
273
What is the greatest common divisor of 468 and 351?
117
What is the highest common factor of 57 and 266?
19
What is the greatest common factor of 2864 and 32?
16
Calculate the highest common divisor of 169 and 65.
13
What is the highest common factor of 3091 and 281?
281
Calculate the highest common factor of 140 and 4770.
10
What is the highest common divisor of 38 and 247?
19
Calculate the highest common factor of 24 and 669.
3
Calculate the greatest common divisor of 41 and 6929.
41
What is the highest common factor of 68 and 272?
68
Calculate the greatest common divisor of 609 and 696.
87
What is the greatest common divisor of 51 and 85?
17
What is the highest common divisor of 84 and 798?
42
What is the greatest common factor of 153 and 5712?
51
Calculate the highest common factor of 342 and 36.
18
What is the highest common factor of 4 and 17?
1
Calculate the greatest common factor of 187 and 44693.
187
What is the greatest common divisor of 120 and 16?
8
What is the greatest common divisor of 36 and 306?
18
What is the greatest common divisor of 78 and 208?
26
What is the greatest common factor of 52 and 1184?
4
Calculate the greatest common divisor of 2380 and 34.
34
What is the greatest common factor of 5235 and 6?
3
Calculate the greatest common factor of 1136 and 355.
71
Calculate the highest common factor of 112 and 1456.
112
What is the highest common factor of 16285 and 5?
5
What is the highest common factor of 405 and 5?
5
What is the greatest common factor of 5951 and 55?
11
Calculate the highest common factor of 2494 and 86.
86
Calculate the greatest common divisor of 1833 and 39.
39
Calculate the greatest common factor of 8421 and 21.
21
Calculate the greatest common factor of 14804 and 2.
2
Calculate the greatest common divisor of 980 and 15.
5
What is the greatest common factor of 76 and 152?
76
What is the highest common factor of 4 and 932?
4
What is the highest common divisor of 160 and 5?
5
Calculate the greatest common factor of 40 and 300.
20
Calculate the highest common factor of 184 and 276.
92
Calculate the highest common factor of 391 and 17.
17
Calculate the highest common divisor of 407 and 37.
37
Calculate the highest common divisor of 72 and 711.
9
What is the highest common divisor of 336 and 87?
3
Calculate the greatest common divisor of 24 and 444.
12
Calculate the greatest common divisor of 21056 and 28.
28
What is the highest common divisor of 82284 and 12?
12
What is the highest common factor of 26 and 4797?
13
Calculate the highest common factor of 12 and 1380.
12
Calculate the greatest common factor of 22 and 550.
22
What is the greatest common factor of 51 and 1377?
51
Calculate the greatest common divisor of 41 and 779.
41
What is the highest common divisor of 800 and 9040?
80
What is the greatest common factor of 444 and 420?
12
What is the greatest common factor of 84 and 308?
28
Calculate the greatest common divisor of 248 and 279.
31
Calculate the highest common factor of 5635 and 4991.
161
Calculate the highest common divisor of 1656 and 9752.
184
What is the greatest common factor of 198 and 154?
22
What is the greatest common factor of 729 and 9?
9
Calculate the highest common factor of 260 and 1170.
130
Calculate the highest common factor of 5912 and 16.
8
What is the highest common divisor of 200 and 24?
8
What is the greatest common divisor of 660 and 4422?
66
What is the greatest common divisor of 196 and 4928?
28
What is the greatest common divisor of 324 and 36?
36
What is the highest common divisor of 3069 and 837?
279
What is the highest common factor of 64 and 20?
4
Calculate the highest common factor of 3335 and 58.
29
What is the highest common divisor of 130 and 15405?
65
What is the highest common divisor of 459 and 102?
51
Calculate the greatest common factor of 76 and 2489.
19
Calculate the greatest common factor of 5 and 2435.
5
What is the highest common divisor of 136752 and 168?
168
What is the highest common factor of 34 and 442?
34
What is the greatest common divisor of 81 and 1?
1
Calculate the highest common factor of 356 and 445.
89
Calculate the greatest common divisor of 72 and 384.
24
What is the highest common divisor of 54 and 1107?
27
Calculate the highest common divisor of 8304 and 240.
48
Calculate the highest common factor of 8 and 36.
4
What is the highest common factor of 24 and 3248?
8
What is the highest common factor of 63 and 693?
63
Calculate the highest common factor of 669 and 6.
3
Calculate the highest common divisor of 4321 and 29.
29
Calculate the highest common factor of 32574 and 801.
267
What is the highest common factor of 93 and 378?
3
What is the greatest common factor of 1675 and 225?
25
Calculate the highest common factor of 15 and 4645.
5
Calculate the highest common divisor of 204 and 527.
17
What is the highest common divisor of 589 and 209?
19
What is the highest common factor of 3 and 75?
3
What is the greatest common divisor of 1065 and 20?
5
What is the greatest common factor of 245 and 18571?
49
What is the greatest common divisor of 13377 and 39?
39
Calculate the highest common divisor of 85 and 34.
17
Calculate the highest common divisor of 13 and 143.
13
What is the greatest common divisor of 33 and 12?
3
What is the highest common divisor of 48 and 200?
8
Calculate the greatest common divisor of 1665 and 45.
45
What is the highest common factor of 328 and 246?
82
Calculate the highest common divisor of 38 and 171.
19
What is the highest common factor of 1170 and 40?
10
Calculate the highest common factor of 4 and 142.
2
Calculate the highest common divisor of 42 and 196.
14
What is the highest common divisor of 378 and 28?
14
What is the greatest common divisor of 405 and 5?
5
What is the highest common divisor of 4604 and 12?
4
What is the highest common factor of 49476 and 434?
434
What is the greatest common divisor of 455 and 676?
13
Calculate the greatest common divisor of 108 and 372.
12
Calculate the highest common divisor of 98 and 112.
14
What is the highest common factor of 66 and 1056?
66
Calculate the greatest common divisor of 432 and 702.
54
What is the greatest common factor of 1421 and 58?
29
What is the greatest common factor of 506 and 154?
22
Calculate the highest common factor of 2672 and 112.
16
Calculate the highest common factor of 6084 and 351.
117
Calculate the greatest common divisor of 5 and 3305.
5
What is the greatest common factor of 135 and 5?
5
Calculate the highest common divisor of 97 and 4947.
97
Calculate the highest common factor of 7676 and 19.
19
What is the greatest common factor of 46 and 1472?
46
Calculate the greatest common divisor of 660 and 180.
60
What is the highest common factor of 20 and 1940?
20
Calculate the highest common divisor of 162 and 378.
54
Calculate the highest common factor of 4876 and 46.
46
What is the highest common factor of 1472 and 224?
32
What is the highest common divisor of 3053 and 710?
71
What is the highest common factor of 4389 and 168?
21
Calculate the greatest common factor of 575 and 161.